at is 101101011100011 + -1000010011?
101100011010000
In base 14, what is -99ca + -61b?
-a207
In base 5, what is 103101 - 324331?
-221230
In base 3, what is 21100 + 2110201102101?
2110201200201
In base 15, what is 6 + b6423?
b6429
In base 12, what is -160a82 - 29?
-160aab
In base 6, what is 40053123 + 0?
40053123
In base 8, what is -121312 - 373?
-121705
In base 4, what is -1220120 - 100113?
-1320233
In base 9, what is 172467 - -742?
173320
In base 10, what is 47690 + -3158?
44532
In base 13, what is 3a5546 + c?
3a5555
In base 3, what is 200111 + 20200100020?
20201000201
In base 8, what is -4 + 24544160?
24544154
In base 9, what is -43344620 + -27?
-43344647
In base 3, what is -1201200 - -220212202?
212011002
In base 7, what is 12540 + -11150?
1360
In base 13, what is -1b4 - 1a353?
-1a537
In base 14, what is 3 - -2a0b3b7?
2a0b3ba
In base 3, what is 1120010220211 + 2?
1120010220220
In base 5, what is -3 + -33001310331?
-33001310334
In base 9, what is 364 + 333281?
333655
In base 2, what is -101001110 + 11101100011110001111?
11101100011001000001
In base 11, what is 264 + -3143a6?
-314142
In base 2, what is -100010100010100011 - 10100011101?
-100010110111000000
In base 6, what is 23004 - -4042325?
4105333
In base 9, what is 4 - -2457853?
2457857
In base 10, what is 5212199 + -1?
5212198
In base 4, what is -211321213 - 231201?
-212213020
In base 8, what is -77 - 42734604?
-42734703
In base 13, what is -c6 - -3a9167?
3a9071
In base 10, what is -14498 + 1842?
-12656
In base 9, what is 4363 + -1208?
3154
In base 7, what is 2 + 425031213?
425031215
In base 9, what is -63 - 240255?
-240328
In base 5, what is -2124 - -43024?
40400
In base 14, what is -2bd44 + 54?
-2bcd0
In base 2, what is -10011 - -10011011010100111?
10011011010010100
In base 8, what is -121160 - 3127?
-124307
In base 13, what is 60 - c219?
-c189
In base 9, what is 231417143 - 3?
231417140
In base 5, what is -211001014 - 21?
-211001040
In base 7, what is 46240 + -413?
45524
In base 9, what is -1131412471 + 0?
-1131412471
In base 4, what is 3121031 - -1232?
3122323
In base 4, what is 110032233000 + -12?
110032232322
In base 4, what is 30020 + 1023122?
1113202
In base 11, what is 1337709 - -8?
1337716
In base 10, what is -63546 - -129?
-63417
In base 6, what is -5411 + 1354440?
1345025
In base 14, what is 1672 - -6505?
7b77
In base 2, what is 1111110101010000011010 + 10001?
1111110101010000101011
In base 7, what is 3 - -422436033?
422436036
In base 14, what is 3cbd9a2 + 0?
3cbd9a2
In base 13, what is b6813 + 1a2?
b69b5
In base 15, what is 2 + cd0eda?
cd0edc
In base 16, what is -2521 + 2916?
3f5
In base 3, what is 201 - 11012220021?
-11012212120
In base 14, what is -4 + 25cda9?
25cda5
In base 7, what is -136632255 - 5?
-136632263
In base 5, what is -23340010 + -1330?
-23341340
In base 11, what is -41094599 - 2?
-410945a0
In base 11, what is -1108a10a - -1?
-1108a109
In base 16, what is 4 + 7d41a1?
7d41a5
In base 9, what is -5058 + 62350?
56281
In base 5, what is -241210213 + 2242?
-241202421
In base 4, what is -301320323322 + -10?
-301320323332
In base 7, what is 14502 - -226454?
244256
In base 7, what is 600236 + 101?
600340
In base 4, what is 201101222 - 1320?
201033302
In base 7, what is 162 - 305056?
-304564
In base 13, what is -225514 + 25?
-2254bc
In base 7, what is 540216 - -1534?
542053
In base 16, what is 49250 + -84?
491cc
In base 8, what is -1 + -11132636?
-11132637
In base 4, what is 123 + -12101002?
-12100213
In base 5, what is -3 - 1041314411?
-1041314414
In base 4, what is -10 + -3002200120210?
-3002200120220
In base 6, what is 33410210 + 5?
33410215
In base 2, what is 1100111001001 - 11010111100000010?
-11001010100111001
In base 4, what is -2221003101323 - -2?
-2221003101321
In base 10, what is 481506 + -3?
481503
In base 14, what is -3b84 - 6860?
-a604
In base 2, what is -1100011 + 1000100000110011101?
1000100000100111010
In base 6, what is -522 - 41101313?
-41102235
In base 7, what is -141024552 - 44?
-141024626
In base 5, what is 3 - -401100324?
401100332
In base 4, what is 221022233 - -1030?
221023323
In base 8, what is -3 - -5544436?
5544433
In base 16, what is -1243b - 82e?
-12c69
In base 13, what is 1869 - -1998?
3534
In base 9, what is 835037 - 367?
834560
In base 12, what is 261 - -38b7aa?
38ba4b
In base 13, what is -b01 - -17c99a?
17bb99
In base 14, what is 67396a - -22?
67398c
In base 6, what is -112211 + -3020?
-115231
In base 10, what is 20 + 8798339?
8798359
In base 4, what is -2210220 + 1113022?
-1031132
In base 10, what is -28 - -83696?
83668
In base 7, what is 2041 - 535455?
-533414
In base 11, what is -8a2a2 - 26?
-8a318
In base 10, what is -15000 - 1754?
-16754
In base 13, what is 2964c39 + -6?
2964c33
In base 2, what is -1011110 + -100110101010100001?
-100110101011111111
In base 13, what is -384626 + 77?
-38457c
In base 4, what is 32 - 100021023?
-100020331
In base 8, what is -4 + 3347202?
3347176
In base 7, what is -222334664 - 2?
-222334666
In base 12, what is 266685 + -280?
266405
In base 12, what is -4411b + 4637?
-3b6a4
In base 4, what is 120001112133 + -30?
120001112103
In base 4, what is 1303320121 - 121?
1303320000
In base 5, what is -10 + -13220330?
-13220340
In base 11, what is -289 - 633?
-911
In base 12, what is -109465a - 12?
-1094670
In base 14, what is 618 + 32098?
326b2
In base 9, what is 12 + 158840718?
158840731
In base 7, what is 1346 + -3432?
-2053
In base 11, what is 245095 + 32?
245117
In base 9, what is -43268168 - -3?
-43268165
In base 2, what is -1000110100101000101011111 - -100?
-1000110100101000101011011
In base 13, what is 5c8 - -3c32?
452a
In base 5, what is -122432200313 + -10?
-122432200323
In base 8, what is 0 - 21137243?
-21137243
In base 8, what is 200 - 207106?
-206706
In base 14, what is -1ac5a - -88c?
-1a3ac
In base 11, what is -422 + 278478?
278056
In base 7, what is -154 - 535315?
-535502
In base 7, what is 515301250 - -10?
515301260
In base 3, what is -2 + -101211011122211?
-101211011122220
In base 2, what is 0 + 1011111101101010111000?
1011111101101010111000
In base 14, what is -10 + -177826?
-177836
In base 5, what is -3021243 + -3011?
-3024304
In base 8, what is -703 + -1014443?
-1015346
In base 4, what is -101300333111 - 110?
-101300333221
In base 4, what is 13011130 - -22112?
13033302
In base 7, what is 53 + -106401206?
-106401123
In base 13, what is -3863a - 2c4?
-38931
In base 8, what is 2257316034 - -4?
2257316040
In base 12, what is -1a8141 + 37?
-1a8106
In base 14, what is 15 - 34a5c4?
-34a5ad
In base 3, what is 1202012021110111212 - 12?
1202012021110111200
In base 11, what is a + -2596a3?
-259694
In base 13, what is -6 - 50a6052?
-50a6058
In base 6, what is 33433534525 - -3?
33433534532
In base 9, what is -8125 - -1553?
-6462
In base 6, what is -3214 + 104332?
101114
In base 13, what is -7a89b53 + -2?
-7a89b55
In base 4, what is -233 + -1233323111?
-1233330010
In base 16, what is 9040f5 + -15?
9040e0
In base 12, what is 0 - -a2693?
a2693
In base 14, what is 2a9 + -50c5?
-4c1a
In base 7, what is -34 - 4214053?
-4214120
In base 7, what is -160611 + 0?
-160611
In base 9, what is 5 + 1587388?
1587404
In base 8, what is 1434466113 - -1?
1434466114
In base 14, what is 45 + -301a9b?
-301a56
In base 16, what is 2 + -38befa1?
-38bef9f
In base 6, what is 220034 - 3124?
212510
In base 5, what is -33 - -2040043112?
2040043024
In base 5, what is 14010041 - -4143?
14014234
In base 2, what is 11001 + 100011000011011100011000?
100011000011011100110001
In base 11, what is -160175323 - -2?
-160175321
In base 5, what is -210042 - 4124?
-214221
In base 4, what is 320001320 + -103201?
313232113
In base 4, what is -20022113121101 + 2?
-20022113121033
In base 7, what is 1 + -11303562?
-11303561
In base 12, what is -4922 - -15b1?
-3331
In base 15, what is -3 + -35d9603?
-35d9606
In base 4, what is -213 - -2012103032?
2012102213
In base 2, what is -100101100100011111000000 - 100?
-100101100100011111000100
In base 5, what is 43442140 - -3?
43442143
In base 14, what is 336 + 2846?
2b7c
In base 9, what is 4724 + 1501?
6325
In base 5, what is 41 - 13344241?
-13344200
In base 6, what is -152404 + -22041?
-214445
In base 3, what is 10 - -122211221020012?
122211221020022
In base 7, what is 462 + -103306?
-102514
In base 3, what is 